it of v?
5
Let w = 34925 + 26073. What is the units digit of w?
8
Let c(h) = h**2 - 13*h + 36. Suppose 0 = -14*r + 71 + 55. Let t be c(r). Suppose -3*j + 4*n = -407, -7*n + 2*n - 10 = t. What is the tens digit of j?
3
What is the tens digit of 40/(-56) + 189060/35?
0
Let x(g) = -16*g**3 - 14*g**2 - 3*g + 26. Let h(j) = -7*j**3 - 7*j**2 - j + 13. Let m(y) = -7*h(y) + 3*x(y). What is the units digit of m(-7)?
1
Let t = -6 - -11. Suppose -4*k - 180 = -4*v, 0 = t*v - 2*v + 4*k - 135. Suppose 3*r - 171 = -3*x, -v = -0*x - x - 5*r. What is the units digit of x?
0
Let o(l) be the first derivative of 32*l**3/3 + 2*l**2 + 2*l + 16. Let f be o(-2). Suppose -7*b + 123 = -f. What is the tens digit of b?
3
Let a(n) = -n - 26. Let c be a(-6). What is the units digit of ((-39)/15)/(4/c*1)?
3
Suppose 0 = 361*u - 362*u + 2*s + 2180, -u + 5*s + 2198 = 0. What is the thousands digit of u?
2
Let c(w) = -w**3 - 8*w**2 + 4. Let j be c(-8). Let g(z) = 7*z**3 + 4*z**2 - 5*z + 1. Let v be g(j). What is the tens digit of (-2)/(-5) + v/5?
9
Suppose t + 504 = -2*i + 2580, -5203 = -5*i + 4*t. Let l = i - 727. What is the hundreds digit of l?
3
Let z(q) = q - 9. Let c be z(9). Suppose 3*t + 4*p = 1190, 5*p + c*p = 25. What is the hundreds digit of t?
3
Let v be 8 + -2 - (-257244)/13. Suppose 45*a - v = 11301. What is the units digit of a?
1
Suppose -5*v = 2*q - 4*q - 33725, 2*v + 3*q - 13490 = 0. What is the tens digit of v?
4
Let t = 104 - 80. What is the tens digit of t + (-5)/25*5/(-1)?
2
Suppose 11*i - 15*i + 4*t = 11352, -11355 = 4*i - 5*t. What is the units digit of (-158)/5*i/126?
1
Suppose -3*w - 5886 = -2*q + 10530, q + 3*w - 8172 = 0. What is the thousands digit of q?
8
Let l = -151 + 145. Let q(g) = -128*g + 46. What is the tens digit of q(l)?
1
Let f be 7/(-3 - (-3 - (-2)/(-92))). Let q(p) = 25*p**3 - p**2 + 5*p + 5. Let g be q(-2). Let u = g + f. What is the hundreds digit of u?
1
Let f(t) = -t**3 + 3*t**2 + 5*t - 12. Let n be f(3). Let w be 2590/n + (-16)/48. Suppose -5*i - 263 = -w. What is the hundreds digit of i?
1
Let d be (-14)/(-28)*((-1)/(-1) - -49). Let a be 2/5 - ((-3215)/d - -1). Let r = a + 37. What is the tens digit of r?
6
Suppose 3*o + 124 = -47. Let f = 233 - 250. Let q = f - o. What is the tens digit of q?
4
Let q = -17 + 19. Suppose -o + 22 = -q. Suppose 0 = -6*f + 66 - o. What is the units digit of f?
7
Suppose 0 = -16*m - 4*m - 14754 + 45574. What is the units digit of m?
1
Suppose -6 = 4*b + 2, -3*c = b - 2203. Let m = 1185 - c. Suppose -5*j + m - 55 = 0. What is the tens digit of j?
7
Let f(v) = v**2 - 2*v + 55. Let h be f(0). Let c = -57 + h. What is the units digit of 38 - (-3 + 3)/c?
8
Let v = -6228 - -25658. What is the hundreds digit of v?
4
Let h be (2 + (-138)/15)*(-1610)/(-21). Let o = -390 - h. What is the units digit of o?
2
Suppose -30066 = -5*g + 3*f + 33510, -63573 = -5*g + 4*f. What is the units digit of g?
7
Suppose -3*r - 39024 = -3*x, -4*x - r + 57231 = 5169. What is the hundreds digit of x?
0
Let l(u) = -u**3 + 3*u**2 + u + 1. Suppose -7*m - 462 - 238 = 0. Let h = m + 97. What is the tens digit of l(h)?
5
Let l be (-1 + (-145)/(-25))/(3/90). What is the units digit of 9/l*1432 - (-1)/(-2)?
9
Let p be 4/(-7)*(-168)/48. Suppose 2*b - 1098 = -2*g, p*g = -0*g - 4*b + 1098. What is the units digit of g?
9
Let o(d) = -d + 1. Let l be o(4). What is the tens digit of 4/l*(-1233)/6?
7
Suppose 77*v = 82*v + 2*t - 19160, 4*t = -20. What is the thousands digit of v?
3
Suppose 2*t - 3*c = -153, 2*t = 3*t + c + 79. Let y = 656 - 524. Let m = y + t. What is the tens digit of m?
5
Suppose -629*a = -623*a - 24. Suppose -x + 2*d - 6 = -3*x, -a*x + 14 = 3*d. What is the units digit of x?
5
Let x be (-224)/1680 - (-2584)/30. Suppose 0 = 81*k - x*k + 5570. What is the hundreds digit of k?
1
Let p(k) = k**2 - 5*k + 10. Suppose -5*v = -2*u - 28, -4*v - 12 = -3*v + 4*u. Let l be p(v). Suppose -n - 485 = -l*n. What is the tens digit of n?
9
Suppose 0 = 6*p + 2*q - 56702, 0 = 4*p - 2*q - 54648 + 16840. What is the thousands digit of p?
9
Let p(w) = -9222*w**2 + w - 13. Let s be p(3). What is the thousands digit of (4/18)/2 + s/(-72)?
1
Let a = -4183 - -19027. What is the thousands digit of a?
4
Let j(d) = -15*d + 26*d + 171*d**2 - 8*d. What is the hundreds digit of j(-1)?
1
Let x(q) = -181*q + 267. Let l be x(-11). Suppose l = 2*f - 464. What is the thousands digit of f?
1
Suppose -3505*t + 3636*t - 2346996 = 0. What is the hundreds digit of t?
9
Let l(h) = -14*h - 55. Let y be l(-7). What is the tens digit of -2*y*(-18 - -17)?
8
Let n = -32067 + 45072. What is the tens digit of n?
0
Suppose 0*v + v + 133 = -3*l, 2*l - v + 82 = 0. Suppose -4*n + 34 = c + 25, 5*c + 43 = 2*n. Let o = n - l. What is the tens digit of o?
4
Suppose -5*u - 118*q + 53125 = -117*q, 2*u - 2*q = 21238. What is the thousands digit of u?
0
Let g = 75 + -78. Let y(x) = -4*x - 10*x + 8 + 1. What is the tens digit of y(g)?
5
Let z = -101 - -104. What is the hundreds digit of ((-6)/(-1))/(z + (-4044)/1352)?
6
Let n = 145 - 142. Let p(s) = 2*s - 1. Let m be p(n). Suppose -3*w = 2*z - 81, m*w + 107 - 2 = 2*z. What is the tens digit of z?
4
Suppose -6*i = 5863 + 6593. What is the hundreds digit of (-1)/(6234/i + 3)?
3
Suppose -2*x - 4*n = -66308, 101*x - 98*x + 5*n = 99459. What is the thousands digit of x?
3
Let d(k) = 10*k**2 + 48*k + 41. What is the units digit of d(-6)?
3
Suppose -278671 = -29*b - 157462 + 158525. What is the units digit of b?
6
Let i(y) = -5*y + 8*y + 103 - 5*y. Let b be -5 - (-1 - (1 - -3)). What is the tens digit of i(b)?
0
Let z = 192 + -188. Suppose -z*d - 998 = -6*d. What is the tens digit of d?
9
Let d(b) = -b**2 - 23*b - b - 2 + 2*b**2. Let o be d(19). Let p = o - -139. What is the tens digit of p?
4
Let u(v) = 12*v**3 - 10*v**2 + 39*v - 745. What is the thousands digit of u(14)?
0
Let m = -684 + 3317. Suppose 5*i - 9*i = 5*d - m, 3*i - 3*d - 1941 = 0. What is the units digit of i?
2
What is the units digit of 2515*(12 - 273/35)?
3
Let h be 58/87*6/4. What is the units digit of (318 - 48)*(h + 0)?
0
Suppose -2*q - 9 = -19. Let n(l) = 2*l + q*l + 1005 - 973. What is the units digit of n(0)?
2
Let q be (1826/8)/(17/(-68)). Let i = 1636 + q. What is the tens digit of i?
2
Let m(o) = -6*o - 20. Let c be m(-4). Let w = -2 + c. Suppose -w*r = -r - 117. What is the units digit of r?
7
Suppose 2*m = 4*q - 214, 2*m = 3*q - 47 - 172. What is the units digit of ((-1612)/(-6))/((-78)/m)?
3
Suppose -5*g - 4*t + 63707 = 0, g + 6962 = -5*t + 19695. What is the hundreds digit of g?
7
Let p be (-2175)/(-45) + (-1)/3. Let i be (24/18)/((-1)/(-3)). What is the tens digit of p - (8/i - 5)?
5
Let i = -398 - -1552. Suppose -109*b + i = -108*b. Suppose -510 = -2*s - 5*w + 63, 2*w = -4*s + b. What is the tens digit of s?
8
Suppose 30*l - 19033 = 4637. Suppose 3*i = 4*c + l, 2*i = -3*c + 282 + 261. What is the hundreds digit of i?
2
What is the tens digit of (6/((-6)/(-1)))/(-5 - 754266/(-150852))?
4
Suppose 0 = -160*q + 88*q - 210*q + 10846566. What is the tens digit of q?
6
Suppose 21*y - 25*y - 5*i = -12106, 3*y - 9091 = 2*i. What is the units digit of y?
9
Suppose -2*f = -2*k + 3*k - 4, 0 = 4*f. Suppose 9*n - k*n - 30 = j, 5 = -j. What is the units digit of (16/(-2))/(-4)*n?
0
Let z = 2951 + -1844. Let k = -546 + z. What is the units digit of k?
1
Let k(b) = -148*b**3 - 22*b**2 - 4*b - 16. What is the units digit of k(-3)?
4
Let z(m) = 2*m**2 - 46*m - 4. Suppose 6*j - 283 = -91. What is the hundreds digit of z(j)?
5
Let i be 17/4 - 7/28. Let x(c) = c**3 - 5*c**2 + 7*c - 6. Let f be x(i). Let h = 33 + f. What is the units digit of h?
9
Let o = 101 - 101. Suppose o = 2*f - 63 - 7. Let v = 49 - f. What is the units digit of v?
4
Suppose 8*m - 65349 = -23781. Suppose -10*a + m - 1236 = 0. Suppose 3*v - 5*v + 495 = 5*d, -4*d - v + a = 0. What is the units digit of d?
9
Let y(f) = -5*f + 33. Let h be y(-10). Suppose -4*g + 739 - h = 0. What is the units digit of g?
4
What is the tens digit of (-511)/(-292) - (2625649/(-52) + 3*1)?
9
Let p(i) = 2*i**2 + 3*i - 17. Let w be p(-9). Suppose 2*q - 732 + w = 0. What is the hundreds digit of q?
3
Let q = -188 + 186. What is the tens digit of (26/39)/(q/(-282))?
9
What is the units digit of (-853680)/(-1920)*(17 - 1)?
4
Suppose 0 = -